20*z - 5. Let d be 32/(-6) - 18/27. Is h(d) a composite number?
True
Let i(v) be the third derivative of 43*v**4/12 + 11*v**3/6 - 34*v**2. Let w = 14 - 7. Is i(w) prime?
True
Let q(b) be the first derivative of b**3 + 4*b**2 + 11*b - 44. Is q(16) prime?
True
Suppose -3*b + 42 = -3. Let y(k) = 7*k - 14. Is y(b) a prime number?
False
Let u = -6010 - -10647. Is u composite?
False
Suppose p + 0*p + 4*z = 21, -4*p = 4*z - 84. Let o(g) = -p*g + 1 + 0 - 22*g + 8. Is o(-8) composite?
False
Let o(j) = -79*j - 6. Let r(n) = -n. Let b(x) = o(x) - 2*r(x). Is b(-5) a composite number?
False
Suppose -3*r + 301 = 4*n, 3*n + r + 20 = 252. Is n a composite number?
False
Let u = -2437 + -1295. Let k = 10615 + u. Is k prime?
True
Let f(b) = b**2 - b - 37. Let i be f(23). Suppose 262 + i = v. Is v prime?
False
Suppose 6*v + 6007 = 61093. Is v a composite number?
False
Let y be -3 - (1062 + (-4)/(-3 + -1)). Let b = 855 - y. Is b composite?
True
Let x = 1031 - 297. Suppose 0 = 4*j - 4*t + 5*t - 2999, -5*t - x = -j. Is j a composite number?
True
Let s = -32 - -32. Suppose q - t = 341, s = q + t - 0*t - 337. Is q composite?
True
Let c be -1 - -1 - (2 - 7). Let p(s) = 3*s**3 + 7*s**2 - 2*s + 17. Is p(c) a prime number?
True
Let b = 46 + -46. Suppose -3*a + o + 7281 = -b*a, -4854 = -2*a - o. Is a composite?
True
Let z = 18 + -15. Suppose -z*d + 246 = -0*d. Let r = 133 + d. Is r a prime number?
False
Let h(t) = -1800*t + 1. Let l(q) = 1799*q - 1. Let b(d) = -3*h(d) - 2*l(d). Is b(1) prime?
True
Suppose -3*k - 196 = -3*b - k, 0 = 4*b - 3*k - 263. Suppose -2*z + 147 = r, 3*r - 4*z - 679 = -2*r. Let p = r - b. Is p a prime number?
False
Suppose 7*l - 4 = 3*l, 0 = -3*a + 5*l + 7. Suppose -2*o = -8, 0*m - a*m + 4*o = -3388. Is m prime?
False
Suppose -6*g = -g - 10. Is ((-1)/g)/((-2)/1196) a prime number?
False
Let u = 15 - 11. Suppose 3*t + 2*t = -u*k + 856, 2*t = k - 214. Is k/4 - 12/(-8) composite?
True
Let a be (-254)/(-9) - (-30)/(-135). Let f = a - 26. Suppose -f*n - h = -497, h = 2*h + 5. Is n composite?
False
Let o be 64/(-12)*801/(-4). Suppose 3*r = -2*n + 640, 4*r + r + 2*n = o. Is r a prime number?
False
Let x = 13 + -13. Suppose 2*u + u = -3*h + 10536, 5*u + 2*h - 17557 = x. Is u composite?
False
Suppose 4*p - w = p + 4, 16 = 3*p - 4*w. Suppose p = -u + 5*u - 5444. Is u a composite number?
False
Suppose 2*b - 8 = 6*b. Let p = 0 + b. Is (74/(-6))/(p/6) prime?
True
Let j(x) = -16 + 17*x**2 + 4*x**3 - 5*x**3 - 22 + 20 - 9*x. Is j(16) a prime number?
False
Suppose 72066 = 66*l - 60*l. Is l prime?
True
Let d be 4 - 4*(-4)/(-16). Suppose 6*l - 3522 = d*l. Is l/(6 + -3 + -1) a composite number?
False
Suppose 3*l = 3*z - 57, 2*z - 3*l - 16 = 22. Let a = 192 - -64. Suppose -3*s + a = z. Is s a prime number?
True
Let h(a) = -15*a - 3. Let w be h(-4). Suppose i = 2*s + 2, -5*s = 3*i - 2*s - 6. Suppose 3*g = i*g + w. Is g prime?
False
Suppose 2*j + 8880 = 4*s + 7*j, 2*s = 2*j + 4422. Suppose s = -0*f + f. Is f a prime number?
False
Suppose 4*q + 203743 = 5*y, -11*y - 3*q - 122244 = -14*y. Is y a prime number?
True
Let p(f) be the second derivative of f**5/20 + f**4/3 + f**3/3 - 2*f. Let w be p(-3). Suppose -t + 1654 = 5*z, -z + 990 = 2*z + w*t. Is z a composite number?
False
Let l = 27 + -42. Let k be (-40)/l*(-6)/(-4). Suppose -5*c + 1055 = 3*a, -3*c + 408 = -c + k*a. Is c a composite number?
True
Let m(y) = y**3 - 6*y**2 + 6. Let o be m(6). Let j = 218 + -139. Suppose -o*s + 5*s = -j. Is s prime?
True
Let d(k) = 92*k**3 - k**2 + k - 1. Let v be (28/3)/((-4)/(-6)). Let s be (v/(-6) + 2)*-3. Is d(s) composite?
True
Suppose 6*d - 4*d = -4. Let h be 2*(-2 + (2 - d)). Suppose -h*k - k - 25 = 0, 3*t + 2*k = 767. Is t a composite number?
True
Let l be (10 + -8)*(25/2)/5. Suppose -2099 + 5454 = l*v. Is v composite?
True
Suppose -138 - 246 = 3*v. Let p = -39 - v. Is p prime?
True
Is 2/(-4) - ((-60795)/10 + 0) a prime number?
True
Suppose 5*n - 3*n = 384. Suppose -48*g + 45*g = -15. Suppose g = -r, -4*h + r + n = 5*r. Is h composite?
False
Suppose -2*l - 70788 = -4*r, 3*l - 28562 = -2*r + 6816. Is r prime?
False
Is (2 - (-20)/(-12))/((-4)/(-24492)) prime?
False
Suppose -5*i + z - 1733 = -16406, -8797 = -3*i + 4*z. Is i composite?
True
Let m be ((-42)/35)/((-3)/10). Suppose m*x + x = 13925. Is x composite?
True
Let c = 247 - 163. Let t be (15/10)/(3/2). Let r = t + c. Is r a composite number?
True
Let x(h) = 7*h - 1. Let k be x(1). Let i(u) be the third derivative of u**5/15 - u**4/6 - 11*u**3/6 + u**2 - 21*u. Is i(k) a composite number?
False
Suppose 0 = -109*f + 26*f + 1078087. Is f composite?
True
Let b be 1 + (11 - 4) + -4. Suppose -1225 = -5*s + b*u, s - 254 = -0*s - u. Is s a composite number?
True
Let y = 72801 + -23568. Is y a prime number?
False
Let l be 6/15*(8 + -3). Suppose -q = -b - 118, -l*q = -4*b - 40 - 430. Let d = -50 - b. Is d a composite number?
False
Let q(k) = -k - 3. Let a be q(-8). Let d(b) = 2 - 2 + 4 - a + 32*b. Is d(6) prime?
True
Let u(o) = 2*o + 650. Let b(d) = -4*d - 1301. Let x(f) = 3*b(f) + 7*u(f). Is x(0) a composite number?
False
Let v = -3272 + 6225. Is v a composite number?
False
Let r(d) = 2180*d**2 - 1. Let k be (10/15*3)/2. Suppose -7*o - k = -6*o. Is r(o) prime?
True
Let t be -1*(-76)/(-3)*6/(-4). Suppose t = -4*v + 98. Is v a prime number?
False
Suppose -774 = 4*x - 11882. Is x composite?
False
Let s(b) = -3*b**3 + 9*b**2 - 1. Let d(w) = -5*w**3 + 14*w**2 - 2. Let m(h) = -5*d(h) + 8*s(h). Let k be m(-2). Is (-37)/((-3 + 1)/k) composite?
False
Suppose -20 + 4 = -f. Let k = f + -14. Suppose -k*c + 8 = 0, -x - 1019 = -4*x - 2*c. Is x composite?
False
Let m = 3 + 1. Suppose m*k - 116 = 80. Is k composite?
True
Let l(r) = -3*r**3 + 12*r**2 + 3*r + 25. Is l(-11) prime?
True
Let p(l) = 253*l - 2. Let u be p(2). Suppose 2140 = 4*r + u. Is r a prime number?
True
Let u be (-30)/(-50) - 34/(-10). Let v(x) = -19*x + 9. Let p be v(u). Let y = -28 - p. Is y composite?
True
Let l be ((-15)/(-6))/(9/12)*-90. Let t = 1387 + l. Is t a prime number?
True
Let l(u) = 74*u**2 - 4*u - 3. Let w(c) = -3*c**3 - c**2 + 1. Let d be w(-1). Suppose s + d = a - 4*s, 3*s - 7 = 5*a. Is l(a) a composite number?
True
Let n = 29 + 450. Suppose -5*v = -5, t + 3*t - n = -3*v. Is t prime?
False
Let p be (5 - (-21)/(-4))*(-40)/2. Suppose -p*s = -1102 - 2233. Is s prime?
False
Let m(p) = 29 - 57 + 34 + 27*p. Let x be m(7). Is (6/15)/(3/x) a prime number?
False
Suppose -300 = -2*i - 10. Suppose 0 = -5*j - 5*c + 2335, 0*j - 1391 = -3*j - c. Let l = j - i. Is l a prime number?
True
Suppose 51*u - 222826 = -53812. Is u composite?
True
Suppose 155*p - 154*p + 3*z - 42149 = 0, 42129 = p - z. Is p a prime number?
False
Let z = 162476 - 91059. Suppose 0 = 16*t + t - z. Is t a composite number?
False
Is 3*52/(-39) + 131*183 composite?
True
Let i(c) = -3*c + 5. Let h be i(1). Suppose 4*k - k - 9 = 0. Suppose -h*m + 339 = k*r + m, -m = 2. Is r composite?
True
Suppose 0 = -0*j - j - 5*z - 19, -4*j = -4*z + 4. Let k(b) = -b**3 - 4*b**2 - 2*b - 4. Let u be k(j). Suppose u*l - 124 = -0*l. Is l a composite number?
False
Let t(w) = -1694*w - 173. Is t(-8) composite?
True
Let n(i) = 7*i**3 - 6*i**2 - 11*i - 7. Let m(k) = -3*k**3 + 3*k**2 + 5*k + 3. Let c(r) = -5*m(r) - 2*n(r). Let b be c(3). Is b/(-15) + 62/6 prime?
True
Suppose 0 = -0*j + 18*j - 324. Suppose 4*v - j*v + 3010 = 0. Is v composite?
True
Is (-10)/60 - (1 - 87049/6) a prime number?
False
Let x = 2102 - -431. Is x a composite number?
True
Let p = -44 + 42. Let s(q) = -q**2 - q + 1. Let i(m) = -62*m**2 - 7*m + 6. Let b(z) = -i(z) + 5*s(z). Is b(p) a prime number?
True
Let b = -901 + 1778. Is b a prime number?
True
Let u = -7 - -8. Let h be (-28)/u - (10 - 8). Let p = -16 - h. Is p composite?
True
Let c be 196/42 - 4/6. Let h = -4 + c. Suppose 6*f - 103 - 173 = h. Is f a prime number?
False
Is ((-6)/(-9))/(-14 - (-13594032)/971001) a prime number?
True
Let n(s) = 5*s**2 - 44*s + 338. Is n(31) a prime number?
True
Suppose -b - 5*a - 41 = -0*b, 4*b + 5*a + 104 = 0. Suppose 0 = -x + 228 - 88. Let z = x - b. Is z a composite number?
True
Let i(a) = 12*a**3 - 12*a**2 + 31*a + 6. Is i(5) a composite number?
False
Let r(k) = 16*k + 2. Let g be r(2). Let v be 21/28 + (-183)/4. Let j = g - v. Is j prime?
True
Let i(j) = 491*j**2 + 7*j - 17. Is i(